{"id":834,"date":"2024-04-12T14:54:50","date_gmt":"2024-04-12T12:54:50","guid":{"rendered":"https:\/\/spchoron.ugporaj.pl\/?page_id=834"},"modified":"2024-04-12T14:57:16","modified_gmt":"2024-04-12T12:57:16","slug":"trzymaj-forme","status":"publish","type":"page","link":"https:\/\/spchoron.ugporaj.pl\/?page_id=834","title":{"rendered":"Trzymaj Form\u0119!"},"content":{"rendered":"\t\t<div data-elementor-type=\"wp-page\" data-elementor-id=\"834\" class=\"elementor elementor-834\">\n\t\t\t\t\t\t<section class=\"elementor-section elementor-top-section elementor-element elementor-element-58edca7 elementor-section-boxed elementor-section-height-default elementor-section-height-default\" data-id=\"58edca7\" data-element_type=\"section\" data-e-type=\"section\">\n\t\t\t\t\t\t<div class=\"elementor-container elementor-column-gap-default\">\n\t\t\t\t\t<div class=\"elementor-column elementor-col-100 elementor-top-column elementor-element elementor-element-ef65d68\" data-id=\"ef65d68\" data-element_type=\"column\" data-e-type=\"column\">\n\t\t\t<div class=\"elementor-widget-wrap elementor-element-populated\">\n\t\t\t\t\t\t<div class=\"elementor-element elementor-element-b155b76 elementor-widget elementor-widget-text-editor\" data-id=\"b155b76\" data-element_type=\"widget\" data-e-type=\"widget\" data-widget_type=\"text-editor.default\">\n\t\t\t\t<div class=\"elementor-widget-container\">\n\t\t\t\t\t\t\t\t\t<p>Program edukacyjny \u201eTrzymaj Form\u0119!\u201d promuj\u0105cy zdrowy styl \u017cycia poprzez zbilansowan\u0105 diet\u0119.<\/p><p>Program zainicjowany zosta\u0142 przez G\u0142\u00f3wny Inspektorat Sanitarny oraz Stowarzyszenie \u201ePolska Federacja Producent\u00f3w \u017bywno\u015bci\u201d w ramach realizacji strategii WHO dotycz\u0105cej diety, aktywno\u015bci fizycznej i zdrowia.<\/p><p>Celem programu\u00a0<strong>\u201eTrzymaj Form\u0119!\u201d<\/strong>\u00a0jest edukacja w zakresie trwa\u0142ego kszta\u0142towania prozdrowotnych nawyk\u00f3w w\u015br\u00f3d m\u0142odzie\u017cy szkolnej poprzez promocj\u0119 zasad aktywnego stylu \u017cycia i zbilansowanej diety, w oparciu o odpowiedzialno\u015b\u0107 indywidualn\u0105 i wolny wyb\u00f3r jednostki.<br \/>Program realizowany jest metod\u0105 projektu dzi\u0119ki czemu wykracza poza podstaw\u0119 programow\u0105 i programy nauczania szko\u0142y.<\/p><p>Strona internetowa programu \u201eTrzymaj Form\u0119!\u201d\u00a0 \u2013\u00a0\u00a0<a href=\"https:\/\/www.trzymajforme.pl\/start-16\" target=\"_blank\" rel=\"noopener\">wejd\u017a<\/a><\/p>\t\t\t\t\t\t\t\t<\/div>\n\t\t\t\t<\/div>\n\t\t\t\t\t<\/div>\n\t\t<\/div>\n\t\t\t\t\t<\/div>\n\t\t<\/section>\n\t\t\t\t<section class=\"elementor-section elementor-top-section elementor-element elementor-element-bec7eb0 elementor-section-boxed elementor-section-height-default elementor-section-height-default\" data-id=\"bec7eb0\" data-element_type=\"section\" data-e-type=\"section\">\n\t\t\t\t\t\t<div class=\"elementor-container elementor-column-gap-default\">\n\t\t\t\t\t<div class=\"elementor-column elementor-col-100 elementor-top-column elementor-element elementor-element-f137d38\" data-id=\"f137d38\" data-element_type=\"column\" data-e-type=\"column\">\n\t\t\t<div class=\"elementor-widget-wrap elementor-element-populated\">\n\t\t\t\t\t\t<div class=\"elementor-element elementor-element-f1103ba elementor-widget elementor-widget-image\" data-id=\"f1103ba\" data-element_type=\"widget\" data-e-type=\"widget\" data-widget_type=\"image.default\">\n\t\t\t\t<div class=\"elementor-widget-container\">\n\t\t\t\t\t\t\t\t\t\t\t\t\t\t\t\t<a href=\"https:\/\/www.gov.pl\/web\/wsse-katowice\/trzymaj-forme\" target=\"_blank\">\n\t\t\t\t\t\t\t<img fetchpriority=\"high\" decoding=\"async\" width=\"640\" height=\"270\" src=\"https:\/\/spchoron.ugporaj.pl\/wp-content\/uploads\/2024\/04\/tf.png\" class=\"attachment-large size-large wp-image-835\" alt=\"\" srcset=\"https:\/\/spchoron.ugporaj.pl\/wp-content\/uploads\/2024\/04\/tf.png 729w, https:\/\/spchoron.ugporaj.pl\/wp-content\/uploads\/2024\/04\/tf-300x127.png 300w\" sizes=\"(max-width: 640px) 100vw, 640px\" \/>\t\t\t\t\t\t\t\t<\/a>\n\t\t\t\t\t\t\t\t\t\t\t\t\t\t\t<\/div>\n\t\t\t\t<\/div>\n\t\t\t\t\t<\/div>\n\t\t<\/div>\n\t\t\t\t\t<\/div>\n\t\t<\/section>\n\t\t\t\t<\/div>\n\t\t","protected":false},"excerpt":{"rendered":"<p>Program edukacyjny \u201eTrzymaj Form\u0119!\u201d promuj\u0105cy zdrowy styl \u017cycia poprzez zbilansowan\u0105 diet\u0119. Program zainicjowany zosta\u0142 przez G\u0142\u00f3wny Inspektorat Sanitarny oraz Stowarzyszenie \u201ePolska Federacja Producent\u00f3w \u017bywno\u015bci\u201d w ramach realizacji strategii WHO dotycz\u0105cej diety, aktywno\u015bci fizycznej i zdrowia. Celem programu\u00a0\u201eTrzymaj Form\u0119!\u201d\u00a0jest edukacja w zakresie trwa\u0142ego kszta\u0142towania prozdrowotnych nawyk\u00f3w w\u015br\u00f3d m\u0142odzie\u017cy szkolnej poprzez promocj\u0119 zasad aktywnego stylu \u017cycia i [&hellip;]<\/p>\n","protected":false},"author":3,"featured_media":0,"parent":0,"menu_order":0,"comment_status":"closed","ping_status":"closed","template":"","meta":{"footnotes":""},"class_list":["post-834","page","type-page","status-publish","hentry"],"_links":{"self":[{"href":"https:\/\/spchoron.ugporaj.pl\/index.php?rest_route=\/wp\/v2\/pages\/834","targetHints":{"allow":["GET"]}}],"collection":[{"href":"https:\/\/spchoron.ugporaj.pl\/index.php?rest_route=\/wp\/v2\/pages"}],"about":[{"href":"https:\/\/spchoron.ugporaj.pl\/index.php?rest_route=\/wp\/v2\/types\/page"}],"author":[{"embeddable":true,"href":"https:\/\/spchoron.ugporaj.pl\/index.php?rest_route=\/wp\/v2\/users\/3"}],"replies":[{"embeddable":true,"href":"https:\/\/spchoron.ugporaj.pl\/index.php?rest_route=%2Fwp%2Fv2%2Fcomments&post=834"}],"version-history":[{"count":6,"href":"https:\/\/spchoron.ugporaj.pl\/index.php?rest_route=\/wp\/v2\/pages\/834\/revisions"}],"predecessor-version":[{"id":842,"href":"https:\/\/spchoron.ugporaj.pl\/index.php?rest_route=\/wp\/v2\/pages\/834\/revisions\/842"}],"wp:attachment":[{"href":"https:\/\/spchoron.ugporaj.pl\/index.php?rest_route=%2Fwp%2Fv2%2Fmedia&parent=834"}],"curies":[{"name":"wp","href":"https:\/\/api.w.org\/{rel}","templated":true}]}}