{"id":683,"date":"2024-04-05T10:32:41","date_gmt":"2024-04-05T08:32:41","guid":{"rendered":"https:\/\/spchoron.ugporaj.pl\/?page_id=683"},"modified":"2024-04-05T12:31:40","modified_gmt":"2024-04-05T10:31:40","slug":"patron-szkoly","status":"publish","type":"page","link":"https:\/\/spchoron.ugporaj.pl\/?page_id=683","title":{"rendered":"Patron Szko\u0142y"},"content":{"rendered":"\t\t<div data-elementor-type=\"wp-page\" data-elementor-id=\"683\" class=\"elementor elementor-683\">\n\t\t\t\t\t\t<section class=\"elementor-section elementor-top-section elementor-element elementor-element-48eea5c elementor-section-boxed elementor-section-height-default elementor-section-height-default\" data-id=\"48eea5c\" data-element_type=\"section\" data-e-type=\"section\">\n\t\t\t\t\t\t<div class=\"elementor-container elementor-column-gap-default\">\n\t\t\t\t\t<div class=\"elementor-column elementor-col-100 elementor-top-column elementor-element elementor-element-7e7a6f3\" data-id=\"7e7a6f3\" data-element_type=\"column\" data-e-type=\"column\">\n\t\t\t<div class=\"elementor-widget-wrap elementor-element-populated\">\n\t\t\t\t\t\t<div class=\"elementor-element elementor-element-c1638c3 elementor-position-top elementor-widget elementor-widget-image-box\" data-id=\"c1638c3\" data-element_type=\"widget\" data-e-type=\"widget\" data-widget_type=\"image-box.default\">\n\t\t\t\t<div class=\"elementor-widget-container\">\n\t\t\t\t\t<div class=\"elementor-image-box-wrapper\"><figure class=\"elementor-image-box-img\"><img fetchpriority=\"high\" decoding=\"async\" width=\"257\" height=\"365\" src=\"https:\/\/spchoron.ugporaj.pl\/wp-content\/uploads\/2021\/12\/patron.png\" class=\"attachment-full size-full wp-image-491\" alt=\"\" srcset=\"https:\/\/spchoron.ugporaj.pl\/wp-content\/uploads\/2021\/12\/patron.png 257w, https:\/\/spchoron.ugporaj.pl\/wp-content\/uploads\/2021\/12\/patron-211x300.png 211w\" sizes=\"(max-width: 257px) 100vw, 257px\" \/><\/figure><div class=\"elementor-image-box-content\"><h3 class=\"elementor-image-box-title\">Maria Konopnicka<\/h3><p class=\"elementor-image-box-description\">Maria Konopnicka, z domu Wasi\u0142owska, urodzi\u0142a si\u0119 23 maja 1842r. w Suwa\u0142kach. By\u0142a c\u00f3rk\u0105 Scholastyki z Turskich i J\u00f3zefa Wasi\u0142owskiego, obro\u0144cy s\u0105dowego w Suwa\u0142kach. Po \u015bmierci matki wraz z ojcem i rodze\u0144stwem przenios\u0142a si\u0119 do Kalisza. Tu sp\u0119dzi\u0142a dzieci\u0144stwo. Przez rok uczy\u0142a si\u0119 wraz z siostr\u0105, Wand\u0105, w szkole Panien Sakramentanek na Nowym Mie\u015bcie w Warszawie. Tam pozna\u0142a Eliz\u0119 Paw\u0142owsk\u0105, p\u00f3\u017aniejsz\u0105 Orzeszkow\u0105.<br><br>\n\nW 1862 r. Maria wysz\u0142a za m\u0105\u017c za Jaros\u0142awa Konopnickiego, w\u0142a\u015bciciela wsi Bron\u00f3w pod \u0141\u0119czyc\u0105.<br><br>\n\nW latach 1863-1865 przebywa\u0142a w Niemczech, dok\u0105d uda\u0142o si\u0119 zbiec jej m\u0119\u017cowi, uwi\u0119zionemu za udzia\u0142 w powstaniu styczniowym. Po powrocie do kraju zaj\u0119\u0142a si\u0119 Konopnicka obowi\u0105zkami macierzy\u0144skimi. Mia\u0142a sze\u015bcioro dzieci: Tadeusza, Stanis\u0142awa, Zofi\u0119, Helen\u0119, Jana i Laur\u0119.<br><br>\n\nW roku 1875r. Maria Konopnicka odda\u0142a po raz pierwszy do druku sw\u00f3j wiersz ,,Zimowy poranek\u201d, kt\u00f3ry ukaza\u0142 si\u0119 w czasopi\u015bmie ,,Kaliszanin\u201d. Rok p\u00f3\u017aniej ukaza\u0142y si\u0119 jej wiersze w ,,Tygodniku Ilustrowanym\u201d.<br><br>\n\nW roku 1877 Maria opu\u015bci\u0142a m\u0119\u017ca i wraz z dzie\u0107mi przenios\u0142a si\u0119 do Warszawy.<br><br>\n\nOkres warszawski w \u017cyciu Konopnickiej by\u0142a niezwykle bujny. Udziela\u0142a lekcji literatury i historii polskiej, sta\u0142a si\u0119 wsp\u00f3\u0142pracowniczk\u0105 szeregu czasopism, jako poetka zdobywa\u0142a coraz wi\u0119ksze uznanie i pozyskiwa\u0142a sobie serca czytelnik\u00f3w. W latach 1882-1883 by\u0142a redaktork\u0105 ilustrowanego czasopisma dla kobiet ,,\u015awit\u201d. W swoich utworach szczeg\u00f3lnie interesowa\u0142a si\u0119 sprawami spo\u0142ecznymi i poprawianiem doli ludu i robotnik\u00f3w. Konopnick\u0105 nazywano or\u0119downiczk\u0105 skrzywdzonych, poetk\u0105 niedoli. Zaanga\u017cowa\u0142a si\u0119 w dzia\u0142alno\u015b\u0107 patriotyczn\u0105, antypolskiej polityce zaborc\u00f3w przeciwstawia\u0142a utwory s\u0142u\u017c\u0105ce krzewieniu poczucia polsko\u015bci. Zacz\u0119\u0142a pisa\u0107 pod pseudonimem Jan Sawa lub Jan War\u0119\u017c.<br><br>\n\nW latach 1890 \u2013 1903 wi\u0119kszo\u015b\u0107 czasu po\u015bwi\u0119ci\u0142a na podr\u00f3\u017ce po Europie. Przez ca\u0142y czas nie traci\u0142a jednak kontaktu z krajem, na bie\u017c\u0105co interesowa\u0142a si\u0119 sprawami polskiego narodu.<br><br>\n\nW roku 1902 odby\u0142 si\u0119 jubileusz 25 \u2013 lecia tw\u00f3rczo\u015bci literackiej poetki. Jako dar narodowy ofiarowano Konopnickiej dworek w \u017barnowcu. Od tej pory poetka sp\u0119dza\u0142a tu wi\u0119kszo\u015b\u0107 czasu.<br><br>\n\nZmar\u0142a 8 pa\u017adziernika 1910 r. we Lwowie.<\/p><\/div><\/div>\t\t\t\t<\/div>\n\t\t\t\t<\/div>\n\t\t\t\t\t<\/div>\n\t\t<\/div>\n\t\t\t\t\t<\/div>\n\t\t<\/section>\n\t\t\t\t<\/div>\n\t\t","protected":false},"excerpt":{"rendered":"<p>Maria Konopnicka Maria Konopnicka, z domu Wasi\u0142owska, urodzi\u0142a si\u0119 23 maja 1842r. w Suwa\u0142kach. By\u0142a c\u00f3rk\u0105 Scholastyki z Turskich i J\u00f3zefa Wasi\u0142owskiego, obro\u0144cy s\u0105dowego w Suwa\u0142kach. Po \u015bmierci matki wraz z ojcem i rodze\u0144stwem przenios\u0142a si\u0119 do Kalisza. Tu sp\u0119dzi\u0142a dzieci\u0144stwo. Przez rok uczy\u0142a si\u0119 wraz z siostr\u0105, Wand\u0105, w szkole Panien Sakramentanek na Nowym [&hellip;]<\/p>\n","protected":false},"author":3,"featured_media":0,"parent":0,"menu_order":0,"comment_status":"closed","ping_status":"closed","template":"","meta":{"footnotes":""},"class_list":["post-683","page","type-page","status-publish","hentry"],"_links":{"self":[{"href":"https:\/\/spchoron.ugporaj.pl\/index.php?rest_route=\/wp\/v2\/pages\/683","targetHints":{"allow":["GET"]}}],"collection":[{"href":"https:\/\/spchoron.ugporaj.pl\/index.php?rest_route=\/wp\/v2\/pages"}],"about":[{"href":"https:\/\/spchoron.ugporaj.pl\/index.php?rest_route=\/wp\/v2\/types\/page"}],"author":[{"embeddable":true,"href":"https:\/\/spchoron.ugporaj.pl\/index.php?rest_route=\/wp\/v2\/users\/3"}],"replies":[{"embeddable":true,"href":"https:\/\/spchoron.ugporaj.pl\/index.php?rest_route=%2Fwp%2Fv2%2Fcomments&post=683"}],"version-history":[{"count":7,"href":"https:\/\/spchoron.ugporaj.pl\/index.php?rest_route=\/wp\/v2\/pages\/683\/revisions"}],"predecessor-version":[{"id":719,"href":"https:\/\/spchoron.ugporaj.pl\/index.php?rest_route=\/wp\/v2\/pages\/683\/revisions\/719"}],"wp:attachment":[{"href":"https:\/\/spchoron.ugporaj.pl\/index.php?rest_route=%2Fwp%2Fv2%2Fmedia&parent=683"}],"curies":[{"name":"wp","href":"https:\/\/api.w.org\/{rel}","templated":true}]}}

Patron Szkoły

<div data-elementor-type="wp-page" data-elementor-id="683" class="elementor elementor-683">
						<section class="elementor-section elementor-top-section elementor-element elementor-element-48eea5c elementor-section-boxed elementor-section-height-default elementor-section-height-default" data-id="48eea5c" data-element_type="section" data-e-type="section">
						<div class="elementor-container elementor-column-gap-default">
					<div class="elementor-column elementor-col-100 elementor-top-column elementor-element elementor-element-7e7a6f3" data-id="7e7a6f3" data-element_type="column" data-e-type="column">
			<div class="elementor-widget-wrap elementor-element-populated">
						<div class="elementor-element elementor-element-c1638c3 elementor-position-top elementor-widget elementor-widget-image-box" data-id="c1638c3" data-element_type="widget" data-e-type="widget" data-widget_type="image-box.default">
				<div class="elementor-widget-container">
					<div class="elementor-image-box-wrapper"><figure class="elementor-image-box-img"><img fetchpriority="high" decoding="async" width="257" height="365" src="https://spchoron.ugporaj.pl/wp-content/uploads/2021/12/patron.png" class="attachment-full size-full wp-image-491" alt="" srcset="https://spchoron.ugporaj.pl/wp-content/uploads/2021/12/patron.png 257w, https://spchoron.ugporaj.pl/wp-content/uploads/2021/12/patron-211x300.png 211w" sizes="(max-width: 257px) 100vw, 257px" /></figure><div class="elementor-image-box-content"><h3 class="elementor-image-box-title">Maria Konopnicka</h3><p class="elementor-image-box-description">Maria Konopnicka, z domu Wasiłowska, urodziła się 23 maja 1842r. w Suwałkach. Była córką Scholastyki z Turskich i Józefa Wasiłowskiego, obrońcy sądowego w Suwałkach. Po śmierci matki wraz z ojcem i rodzeństwem przeniosła się do Kalisza. Tu spędziła dzieciństwo. Przez rok uczyła się wraz z siostrą, Wandą, w szkole Panien Sakramentanek na Nowym Mieście w Warszawie. Tam poznała Elizę Pawłowską, późniejszą Orzeszkową.<br><br>

W 1862 r. Maria wyszła za mąż za Jarosława Konopnickiego, właściciela wsi Bronów pod Łęczycą.<br><br>

W latach 1863-1865 przebywała w Niemczech, dokąd udało się zbiec jej mężowi, uwięzionemu za udział w powstaniu styczniowym. Po powrocie do kraju zajęła się Konopnicka obowiązkami macierzyńskimi. Miała sześcioro dzieci: Tadeusza, Stanisława, Zofię, Helenę, Jana i Laurę.<br><br>

W roku 1875r. Maria Konopnicka oddała po raz pierwszy do druku swój wiersz ,,Zimowy poranek”, który ukazał się w czasopiśmie ,,Kaliszanin”. Rok później ukazały się jej wiersze w ,,Tygodniku Ilustrowanym”.<br><br>

W roku 1877 Maria opuściła męża i wraz z dziećmi przeniosła się do Warszawy.<br><br>

Okres warszawski w życiu Konopnickiej była niezwykle bujny. Udzielała lekcji literatury i historii polskiej, stała się współpracowniczką szeregu czasopism, jako poetka zdobywała coraz większe uznanie i pozyskiwała sobie serca czytelników. W latach 1882-1883 była redaktorką ilustrowanego czasopisma dla kobiet ,,Świt”. W swoich utworach szczególnie interesowała się sprawami społecznymi i poprawianiem doli ludu i robotników. Konopnicką nazywano orędowniczką skrzywdzonych, poetką niedoli. Zaangażowała się w działalność patriotyczną, antypolskiej polityce zaborców przeciwstawiała utwory służące krzewieniu poczucia polskości. Zaczęła pisać pod pseudonimem Jan Sawa lub Jan Waręż.<br><br>

W latach 1890 – 1903 większość czasu poświęciła na podróże po Europie. Przez cały czas nie traciła jednak kontaktu z krajem, na bieżąco interesowała się sprawami polskiego narodu.<br><br>

W roku 1902 odbył się jubileusz 25 – lecia twórczości literackiej poetki. Jako dar narodowy ofiarowano Konopnickiej dworek w Żarnowcu. Od tej pory poetka spędzała tu większość czasu.<br><br>

Zmarła 8 października 1910 r. we Lwowie.</p></div></div>				</div>
				</div>
					</div>
		</div>
					</div>
		</section>
				</div>

<p>Maria Konopnicka Maria Konopnicka, z domu Wasiłowska, urodziła się 23 maja 1842r. w Suwałkach. Była córką Scholastyki z Turskich i Józefa Wasiłowskiego, obrońcy sądowego w Suwałkach. Po śmierci matki wraz z ojcem i rodzeństwem przeniosła się do Kalisza. Tu spędziła dzieciństwo. Przez rok uczyła się wraz z siostrą, Wandą, w szkole Panien Sakramentanek na Nowym [&hellip;]</p>
