{"id":482,"date":"2021-12-03T11:55:10","date_gmt":"2021-12-03T10:55:10","guid":{"rendered":"http:\/\/spchoron.ugporaj.pl\/?page_id=482"},"modified":"2021-12-03T11:55:10","modified_gmt":"2021-12-03T10:55:10","slug":"male-przedszkole","status":"publish","type":"page","link":"https:\/\/spchoron.ugporaj.pl\/?page_id=482","title":{"rendered":"Ma\u0142e Przedszkole"},"content":{"rendered":"<div id=\"i0mjfy1o\" class=\"_1Q9if\" data-testid=\"richTextElement\">\n<h6 class=\"font_2\">Pszcz\u00f3\u0142ki &#8211; informacje dla rodzic\u00f3w dzieci 3-4 letnich<\/h6>\n<h6 class=\"font_2\">na rok szkolny 2020\/2021<\/h6>\n<\/div>\n<div id=\"i0mj809a\" class=\"_1Q9if\" data-testid=\"richTextElement\">\n<p class=\"font_7\">Godziny otwarcia 7:00\u00a0\u2013 15:30<\/p>\n<p class=\"font_7\">\n<p class=\"font_7\">Godziny bezp\u0142atne w ramach, kt\u00f3rych realizowana jest \u201e Podstawa programowa wychowania przedszkolnego obowi\u0105zuj\u0105 od 8:00 \u2013 13:00<\/p>\n<p class=\"font_7\">\n<p class=\"font_7\"><span class=\"wixGuard\">\u200b<\/span><\/p>\n<\/div>\n","protected":false},"excerpt":{"rendered":"<p>Pszcz\u00f3\u0142ki &#8211; informacje dla rodzic\u00f3w dzieci 3-4 letnich na rok szkolny 2020\/2021 Godziny otwarcia 7:00\u00a0\u2013 15:30 Godziny bezp\u0142atne w ramach, kt\u00f3rych realizowana jest \u201e Podstawa programowa wychowania przedszkolnego obowi\u0105zuj\u0105 od 8:00 \u2013 13:00 \u200b<\/p>\n","protected":false},"author":1,"featured_media":0,"parent":477,"menu_order":0,"comment_status":"closed","ping_status":"closed","template":"","meta":{"footnotes":""},"class_list":["post-482","page","type-page","status-publish","hentry"],"_links":{"self":[{"href":"https:\/\/spchoron.ugporaj.pl\/index.php?rest_route=\/wp\/v2\/pages\/482","targetHints":{"allow":["GET"]}}],"collection":[{"href":"https:\/\/spchoron.ugporaj.pl\/index.php?rest_route=\/wp\/v2\/pages"}],"about":[{"href":"https:\/\/spchoron.ugporaj.pl\/index.php?rest_route=\/wp\/v2\/types\/page"}],"author":[{"embeddable":true,"href":"https:\/\/spchoron.ugporaj.pl\/index.php?rest_route=\/wp\/v2\/users\/1"}],"replies":[{"embeddable":true,"href":"https:\/\/spchoron.ugporaj.pl\/index.php?rest_route=%2Fwp%2Fv2%2Fcomments&post=482"}],"version-history":[{"count":1,"href":"https:\/\/spchoron.ugporaj.pl\/index.php?rest_route=\/wp\/v2\/pages\/482\/revisions"}],"predecessor-version":[{"id":483,"href":"https:\/\/spchoron.ugporaj.pl\/index.php?rest_route=\/wp\/v2\/pages\/482\/revisions\/483"}],"up":[{"embeddable":true,"href":"https:\/\/spchoron.ugporaj.pl\/index.php?rest_route=\/wp\/v2\/pages\/477"}],"wp:attachment":[{"href":"https:\/\/spchoron.ugporaj.pl\/index.php?rest_route=%2Fwp%2Fv2%2Fmedia&parent=482"}],"curies":[{"name":"wp","href":"https:\/\/api.w.org\/{rel}","templated":true}]}}

Małe Przedszkole

<div id="i0mjfy1o" class="_1Q9if" data-testid="richTextElement">
<h6 class="font_2">Pszczółki &#8211; informacje dla rodziców dzieci 3-4 letnich</h6>
<h6 class="font_2">na rok szkolny 2020/2021</h6>
</div>
<div id="i0mj809a" class="_1Q9if" data-testid="richTextElement">
<p class="font_7">Godziny otwarcia 7:00 – 15:30</p>
<p class="font_7">
<p class="font_7">Godziny bezpłatne w ramach, których realizowana jest „ Podstawa programowa wychowania przedszkolnego obowiązują od 8:00 – 13:00</p>
<p class="font_7">
<p class="font_7"><span class="wixGuard">​</span></p>
</div>

<p>Pszczółki &#8211; informacje dla rodziców dzieci 3-4 letnich na rok szkolny 2020/2021 Godziny otwarcia 7:00 – 15:30 Godziny bezpłatne w ramach, których realizowana jest „ Podstawa programowa wychowania przedszkolnego obowiązują od 8:00 – 13:00 ​</p>
