{"id":480,"date":"2021-12-03T11:54:01","date_gmt":"2021-12-03T10:54:01","guid":{"rendered":"http:\/\/spchoron.ugporaj.pl\/?page_id=480"},"modified":"2021-12-03T11:54:01","modified_gmt":"2021-12-03T10:54:01","slug":"grupa-biedronki","status":"publish","type":"page","link":"https:\/\/spchoron.ugporaj.pl\/?page_id=480","title":{"rendered":"Grupa Biedronki"},"content":{"rendered":"<div id=\"i0mirxp4\" data-testid=\"richTextElement\">\n<h6>Grupa &#8211; Biedronki &#8211; informacje dla rodzic\u00f3w dzieci 5-6 letnich<\/h6>\n<h6>na rok szkolny 2020\/2021<\/h6>\n<\/div>\n<div id=\"i0mior7c\" class=\"_1Q9if\" data-testid=\"richTextElement\">\n<p class=\"font_8\">Strefa rodzica<\/p>\n<p class=\"font_8\">\n<p class=\"font_8\">Godziny otwarcia oddzia\u0142u przedszkolnego \u2013 7:00-15:30<\/p>\n<p class=\"font_8\">\n<p class=\"font_8\">Godziny bezp\u0142atne w ramach, kt\u00f3rych realizowana jest \u201e Podstawa programowa wychowania przedszkolnego\u201d \u2013 8:00-13:00<\/p>\n<p class=\"font_8\">\n<p class=\"font_8\">Op\u0142ata za pozosta\u0142e godziny pobytu dziecka w oddziale przedszkolnym to 1h \u2013 1 z\u0142<\/p>\n<p class=\"font_8\">\n<p class=\"font_8\">Zaj\u0119cia dodatkowe:<\/p>\n<p class=\"font_8\">\n<p class=\"font_8\">j\u0119zyk angielski \u2013 2x w tyg<\/p>\n<p class=\"font_8\">rytmika \u2013 1x w tyg<\/p>\n<p class=\"font_8\">karate \u2013 2x w miesi\u0105cu<\/p>\n<p class=\"font_8\">robotyka \u2013 2x w miesi\u0105cu<\/p>\n<p class=\"font_8\">religia \u2013 2x w tyg<\/p>\n<p class=\"font_8\">\n<p class=\"font_8\">\n<p class=\"font_8\">Ramowy rozk\u0142ad dnia<\/p>\n<p class=\"font_8\">\n<p class=\"font_8\">7:00-8:00 \u2013 schodzenie si\u0119 dzieci do przedszkola. Zabawy dowolne s\u0142u\u017c\u0105ce realizacji pomys\u0142\u00f3w dzieci.<\/p>\n<p class=\"font_8\">8:00-8:30 &#8211; zabawy integruj\u0105ce grup\u0119. \u0106wiczenia og\u00f3lnorozwojowe ( np. rozwijaj\u0105ce percepcj\u0119 wzrokow\u0105 i s\u0142uchow\u0105, grafomotoryk\u0119 . Indywidualna pomoc wspomagaj\u0105ca rozw\u00f3j dziecka.<\/p>\n<p class=\"font_8\">8:30-8:45 \u2013 \u0107wiczenia poranne<\/p>\n<p class=\"font_8\">8:45-9:00- przygotowanie do \u015bniadania<\/p>\n<p class=\"font_8\">9:30-11:00- realizacja zada\u0144 edukacyjnych poprzez zaj\u0119\u0107 z ca\u0142\u0105 grup\u0105.<\/p>\n<p class=\"font_8\">11:00-11:45- spacery, zabawy na \u015bwie\u017cym powietrzu( np. w ogrodzie, na boisku lub w sali, \u0107wiczenia gimnastyczne)<\/p>\n<p class=\"font_8\">11:45- 12:00- przygotowanie do obiadu<\/p>\n<p class=\"font_8\">12:00- 12:30 \u2013 obiad<\/p>\n<p class=\"font_8\">12:30 \u2013 12:45 \u2013 \u0107wiczenia relaksacyjne<\/p>\n<p class=\"font_8\">12:45 \u2013 14:00 \u2013 zabawy dydaktyczne, \u0107wiczenia graficzne, utrwalanie poznanych wierszy i piosenek. S\u0142uchanie opowiada\u0144 nauczyciela na podstawie literatury dzieci\u0119cej. Zabawy dowolne w sali lub na placu przedszkolnym<\/p>\n<p class=\"font_8\">14:00-14:15 \u2013 przygotowania do podwieczorku<\/p>\n<p class=\"font_8\">14:15 \u2013 14:30 \u2013 podwieczorek<\/p>\n<p class=\"font_8\">14:30 \u2013 15:30 \u2013 \u0107wiczenia indywidualne z dzie\u0107mi, dostosowanie do ich mo\u017cliwo\u015bci i potrzeb.<\/p>\n<p class=\"font_8\">\n<p class=\"font_8\">\n<p class=\"font_8\">Zapraszam na stron\u0119 &#8211; klasa0-SP CHORO\u0143<\/p>\n<p class=\"font_8\">Iwona Pluta &#8211; \u0141yszczarz<\/p>\n<p class=\"font_8\"><span class=\"wixGuard\">\u200b<\/span><\/p>\n<\/div>\n","protected":false},"excerpt":{"rendered":"<p>Grupa &#8211; Biedronki &#8211; informacje dla rodzic\u00f3w dzieci 5-6 letnich na rok szkolny 2020\/2021 Strefa rodzica Godziny otwarcia oddzia\u0142u przedszkolnego \u2013 7:00-15:30 Godziny bezp\u0142atne w ramach, kt\u00f3rych realizowana jest \u201e Podstawa programowa wychowania przedszkolnego\u201d \u2013 8:00-13:00 Op\u0142ata za pozosta\u0142e godziny pobytu dziecka w oddziale przedszkolnym to 1h \u2013 1 z\u0142 Zaj\u0119cia dodatkowe: j\u0119zyk angielski \u2013 [&hellip;]<\/p>\n","protected":false},"author":1,"featured_media":0,"parent":477,"menu_order":0,"comment_status":"closed","ping_status":"closed","template":"","meta":{"footnotes":""},"class_list":["post-480","page","type-page","status-publish","hentry"],"_links":{"self":[{"href":"https:\/\/spchoron.ugporaj.pl\/index.php?rest_route=\/wp\/v2\/pages\/480","targetHints":{"allow":["GET"]}}],"collection":[{"href":"https:\/\/spchoron.ugporaj.pl\/index.php?rest_route=\/wp\/v2\/pages"}],"about":[{"href":"https:\/\/spchoron.ugporaj.pl\/index.php?rest_route=\/wp\/v2\/types\/page"}],"author":[{"embeddable":true,"href":"https:\/\/spchoron.ugporaj.pl\/index.php?rest_route=\/wp\/v2\/users\/1"}],"replies":[{"embeddable":true,"href":"https:\/\/spchoron.ugporaj.pl\/index.php?rest_route=%2Fwp%2Fv2%2Fcomments&post=480"}],"version-history":[{"count":1,"href":"https:\/\/spchoron.ugporaj.pl\/index.php?rest_route=\/wp\/v2\/pages\/480\/revisions"}],"predecessor-version":[{"id":481,"href":"https:\/\/spchoron.ugporaj.pl\/index.php?rest_route=\/wp\/v2\/pages\/480\/revisions\/481"}],"up":[{"embeddable":true,"href":"https:\/\/spchoron.ugporaj.pl\/index.php?rest_route=\/wp\/v2\/pages\/477"}],"wp:attachment":[{"href":"https:\/\/spchoron.ugporaj.pl\/index.php?rest_route=%2Fwp%2Fv2%2Fmedia&parent=480"}],"curies":[{"name":"wp","href":"https:\/\/api.w.org\/{rel}","templated":true}]}}