{"id":27,"date":"2025-09-19T13:30:38","date_gmt":"2025-09-19T11:30:38","guid":{"rendered":"http:\/\/spchoron.ugporaj.pl\/?page_id=27"},"modified":"2025-09-26T09:52:37","modified_gmt":"2025-09-26T07:52:37","slug":"pracownicy","status":"publish","type":"page","link":"https:\/\/spchoron.ugporaj.pl\/?page_id=27","title":{"rendered":"Grono Pedagogiczne"},"content":{"rendered":"<h1 aria-level=\"2\"><span data-contrast=\"none\">Grono Pedagogiczne 2025 \u2013 2026<\/span><\/h1>\n<p><span data-contrast=\"none\">\u00a0<\/span><span data-ccp-props=\"{&quot;201341983&quot;:0,&quot;335559739&quot;:160,&quot;335559740&quot;:259}\">\u00a0<\/span><\/p>\n<h5 aria-level=\"5\"><span data-contrast=\"none\">Dyrektor szko\u0142y \u2013 mgr Dorota Mizera \u2013 nauczyciel matematyki<\/span><span data-ccp-props=\"{&quot;134245418&quot;:true,&quot;134245529&quot;:true,&quot;201341983&quot;:0,&quot;335559738&quot;:40,&quot;335559739&quot;:0,&quot;335559740&quot;:259}\">\u00a0<\/span><\/h5>\n<p><span data-ccp-props=\"{&quot;201341983&quot;:0,&quot;335559739&quot;:160,&quot;335559740&quot;:259}\">\u00a0<\/span><\/p>\n<p aria-level=\"5\"><span data-contrast=\"none\">oddzia\u0142 przedszkolny<\/span><span data-ccp-props=\"{&quot;134245418&quot;:true,&quot;134245529&quot;:true,&quot;201341983&quot;:0,&quot;335559738&quot;:40,&quot;335559739&quot;:0,&quot;335559740&quot;:259}\">\u00a0<\/span><\/p>\n<p aria-level=\"5\"><span data-contrast=\"none\">mgr Katarzyna Kot \u2013 grupa 3-4 latk\u00f3w<\/span><span data-ccp-props=\"{&quot;134245418&quot;:true,&quot;134245529&quot;:true,&quot;201341983&quot;:0,&quot;335559738&quot;:40,&quot;335559739&quot;:0,&quot;335559740&quot;:259}\">\u00a0<\/span><\/p>\n<p aria-level=\"5\"><span data-contrast=\"none\">mgr Agata M\u0119cik \u2013 oddzia\u0142 \u201c0\u201d<\/span><span data-ccp-props=\"{&quot;134245418&quot;:true,&quot;134245529&quot;:true,&quot;201341983&quot;:0,&quot;335559738&quot;:40,&quot;335559739&quot;:0,&quot;335559740&quot;:259}\">\u00a0<\/span><\/p>\n<p><span data-contrast=\"none\">\u00a0<\/span><span data-ccp-props=\"{&quot;201341983&quot;:0,&quot;335559739&quot;:160,&quot;335559740&quot;:259}\">\u00a0<\/span><\/p>\n<p aria-level=\"5\"><span data-contrast=\"none\">klasy I \u2013 III<\/span><span data-ccp-props=\"{&quot;134245418&quot;:true,&quot;134245529&quot;:true,&quot;201341983&quot;:0,&quot;335559738&quot;:40,&quot;335559739&quot;:0,&quot;335559740&quot;:259}\">\u00a0<\/span><\/p>\n<p aria-level=\"5\"><span data-contrast=\"none\">mgr Renata Suszek- wychowawca kl. I<\/span><\/p>\n<p aria-level=\"5\"><span data-contrast=\"none\">mgr Ilona Mi\u015btal \u2013 wychowawca kl. II<\/span><\/p>\n<p aria-level=\"5\"><span data-contrast=\"none\">mgr Iwona Pluta \u2013 \u0141yszczarz \u2013 wychowawca kl. III<\/span><\/p>\n<p aria-level=\"5\"><span data-contrast=\"none\">\u00a0<\/span><span data-ccp-props=\"{&quot;134245418&quot;:true,&quot;134245529&quot;:true,&quot;201341983&quot;:0,&quot;335559738&quot;:40,&quot;335559739&quot;:0,&quot;335559740&quot;:259}\">\u00a0<\/span><\/p>\n<p aria-level=\"5\"><span data-contrast=\"none\">klasy IV \u2013 VIII<\/span><span data-ccp-props=\"{&quot;134245418&quot;:true,&quot;134245529&quot;:true,&quot;201341983&quot;:0,&quot;335559738&quot;:40,&quot;335559739&quot;:0,&quot;335559740&quot;:259}\">\u00a0<\/span><\/p>\n<p aria-level=\"5\"><span data-contrast=\"none\">mgr Izabela Zasik \u2013 nauczyciel j\u0119zyka angielskiego, wychowawca kl. IV<\/span><\/p>\n<p aria-level=\"5\"><span data-contrast=\"none\">mgr Katarzyna Szczerba \u2013 nauczyciel matematyki, wychowawca kl. V<\/span><\/p>\n<p aria-level=\"5\"><span data-contrast=\"none\">mgr Barbara Marchewka \u2013 nauczyciel j\u0119zyka polskiego, bibliotekarz, wychowawca kl. VI<\/span><\/p>\n<p aria-level=\"5\"><span data-contrast=\"none\">mgr Justyna Zalejska \u2013 nauczyciel j\u0119zyka polskiego, wychowawca \u015bwietlicy, wychowawca kl. VII<\/span><span data-ccp-props=\"{&quot;134245418&quot;:true,&quot;134245529&quot;:true,&quot;201341983&quot;:0,&quot;335559738&quot;:40,&quot;335559739&quot;:0,&quot;335559740&quot;:259}\">\u00a0<\/span><\/p>\n<p aria-level=\"5\"><span data-contrast=\"none\">mgr Lidia Kr\u00f3lak \u2013 nauczyciel historii, wos i wychowania fizycznego, bibliotekarz, wychowawca kl. VIII<\/span><\/p>\n<p aria-level=\"5\"><span data-contrast=\"none\">mgr Beata Cicho\u0144 \u2013 nauczyciel fizyki<\/span><span data-ccp-props=\"{&quot;134245418&quot;:true,&quot;134245529&quot;:true,&quot;201341983&quot;:0,&quot;335559738&quot;:40,&quot;335559739&quot;:0,&quot;335559740&quot;:259}\">\u00a0<\/span><\/p>\n<p aria-level=\"5\"><span data-contrast=\"none\">mgr Jolanta Kocop \u2013 nauczyciel plastyki<\/span><span data-ccp-props=\"{&quot;134245418&quot;:true,&quot;134245529&quot;:true,&quot;201341983&quot;:0,&quot;335559738&quot;:40,&quot;335559739&quot;:0,&quot;335559740&quot;:259}\">\u00a0<\/span><\/p>\n<p><span data-contrast=\"none\">ks. Jan Lisiecki \u2013 nauczyciel religii<\/span><\/p>\n<p aria-level=\"5\"><span data-contrast=\"none\">mgr Danuta M\u0119drek \u2013 nauczyciel geografii<\/span><span data-ccp-props=\"{&quot;134245418&quot;:true,&quot;134245529&quot;:true,&quot;201341983&quot;:0,&quot;335559738&quot;:40,&quot;335559739&quot;:0,&quot;335559740&quot;:259}\">\u00a0<\/span><\/p>\n<p aria-level=\"5\"><span data-contrast=\"none\">mgr Monika Organa \u2013 nauczyciel j\u0119zyka niemieckiego<\/span><span data-ccp-props=\"{&quot;134245418&quot;:true,&quot;134245529&quot;:true,&quot;201341983&quot;:0,&quot;335559738&quot;:40,&quot;335559739&quot;:0,&quot;335559740&quot;:259}\">\u00a0<\/span><\/p>\n<p aria-level=\"5\"><span data-contrast=\"none\">mgr Renata Pa\u0142asi\u0144ska \u2013 nauczyciel religii<\/span><span data-ccp-props=\"{&quot;134245418&quot;:true,&quot;134245529&quot;:true,&quot;201341983&quot;:0,&quot;335559738&quot;:40,&quot;335559739&quot;:0,&quot;335559740&quot;:259}\">\u00a0<\/span><\/p>\n<p aria-level=\"5\"><span data-contrast=\"none\">mgr Rafa\u0142 Picz \u2013 nauczyciel wychowania fizycznego<\/span><\/p>\n<p aria-level=\"5\"><span data-contrast=\"none\">mgr Rafa\u0142 Polegaj \u2013 nauczyciel muzyki, techniki<\/span><span data-ccp-props=\"{&quot;134245418&quot;:true,&quot;134245529&quot;:true,&quot;201341983&quot;:0,&quot;335559738&quot;:40,&quot;335559739&quot;:0,&quot;335559740&quot;:259}\">\u00a0<\/span><\/p>\n<p aria-level=\"5\"><span data-contrast=\"none\">mgr Dagmara Superson-Koszty\u0142a \u2013 nauczyciel biologii, EDB i edukacji zdrowotnej<\/span><\/p>\n<p aria-level=\"5\"><span data-contrast=\"none\">mgr Agnieszka Ryczek \u2013 nauczyciel chemii<\/span><span data-ccp-props=\"{&quot;134245418&quot;:true,&quot;134245529&quot;:true,&quot;201341983&quot;:0,&quot;335559738&quot;:40,&quot;335559739&quot;:0,&quot;335559740&quot;:259}\"> i przyrody<\/span><\/p>\n<p aria-level=\"5\"><span data-contrast=\"none\">mgr Przemys\u0142aw Hajducki \u2013 nauczyciel informatyki<\/span><span data-ccp-props=\"{&quot;134233117&quot;:false,&quot;134233118&quot;:false,&quot;134245418&quot;:true,&quot;134245529&quot;:true,&quot;201341983&quot;:0,&quot;335551550&quot;:1,&quot;335551620&quot;:1,&quot;335559685&quot;:0,&quot;335559737&quot;:0,&quot;335559738&quot;:40,&quot;335559739&quot;:0,&quot;335559740&quot;:259}\">\u00a0<\/span><\/p>\n<p aria-level=\"5\"><span data-contrast=\"none\">mgr Robert Kowalczuk \u2013 pedagog szkolny<\/span><span data-ccp-props=\"{&quot;134245418&quot;:true,&quot;134245529&quot;:true,&quot;201341983&quot;:0,&quot;335559738&quot;:40,&quot;335559739&quot;:0,&quot;335559740&quot;:259}\">\u00a0<\/span><\/p>\n<p aria-level=\"5\"><span data-contrast=\"none\">mgr Marta Magda \u2013 pedagog specjalny<\/span><span data-ccp-props=\"{&quot;134233117&quot;:false,&quot;134233118&quot;:false,&quot;134245418&quot;:true,&quot;134245529&quot;:true,&quot;201341983&quot;:0,&quot;335551550&quot;:1,&quot;335551620&quot;:1,&quot;335559685&quot;:0,&quot;335559737&quot;:0,&quot;335559738&quot;:40,&quot;335559739&quot;:0,&quot;335559740&quot;:259}\">\u00a0<\/span><\/p>\n<p aria-level=\"5\"><span data-contrast=\"none\">mgr Natalia Sroka \u2013 psycholog<\/span><span data-ccp-props=\"{&quot;134233117&quot;:false,&quot;134233118&quot;:false,&quot;134245418&quot;:true,&quot;134245529&quot;:true,&quot;201341983&quot;:0,&quot;335551550&quot;:1,&quot;335551620&quot;:1,&quot;335559685&quot;:0,&quot;335559737&quot;:0,&quot;335559738&quot;:40,&quot;335559739&quot;:0,&quot;335559740&quot;:259}\">\u00a0<\/span><\/p>\n<p aria-level=\"5\"><span data-contrast=\"none\">mgr Katarzyna Kot &#8211; doradztwo zawodowe<\/span><\/p>\n<p aria-level=\"5\">mgr Marta Pompka &#8211; nauczyciel wsp\u00f3\u0142organizuj\u0105cy kszta\u0142cenie<\/p>\n","protected":false},"excerpt":{"rendered":"<p>Grono Pedagogiczne 2025 \u2013 2026 \u00a0\u00a0 Dyrektor szko\u0142y \u2013 mgr Dorota Mizera \u2013 nauczyciel matematyki\u00a0 \u00a0 oddzia\u0142 przedszkolny\u00a0 mgr Katarzyna Kot \u2013 grupa 3-4 latk\u00f3w\u00a0 mgr Agata M\u0119cik \u2013 oddzia\u0142 \u201c0\u201d\u00a0 \u00a0\u00a0 klasy I \u2013 III\u00a0 mgr Renata Suszek- wychowawca kl. I mgr Ilona Mi\u015btal \u2013 wychowawca kl. II mgr Iwona Pluta \u2013 \u0141yszczarz \u2013 [&hellip;]<\/p>\n","protected":false},"author":1,"featured_media":0,"parent":0,"menu_order":0,"comment_status":"closed","ping_status":"closed","template":"","meta":{"footnotes":""},"class_list":["post-27","page","type-page","status-publish","hentry"],"_links":{"self":[{"href":"https:\/\/spchoron.ugporaj.pl\/index.php?rest_route=\/wp\/v2\/pages\/27","targetHints":{"allow":["GET"]}}],"collection":[{"href":"https:\/\/spchoron.ugporaj.pl\/index.php?rest_route=\/wp\/v2\/pages"}],"about":[{"href":"https:\/\/spchoron.ugporaj.pl\/index.php?rest_route=\/wp\/v2\/types\/page"}],"author":[{"embeddable":true,"href":"https:\/\/spchoron.ugporaj.pl\/index.php?rest_route=\/wp\/v2\/users\/1"}],"replies":[{"embeddable":true,"href":"https:\/\/spchoron.ugporaj.pl\/index.php?rest_route=%2Fwp%2Fv2%2Fcomments&post=27"}],"version-history":[{"count":13,"href":"https:\/\/spchoron.ugporaj.pl\/index.php?rest_route=\/wp\/v2\/pages\/27\/revisions"}],"predecessor-version":[{"id":2856,"href":"https:\/\/spchoron.ugporaj.pl\/index.php?rest_route=\/wp\/v2\/pages\/27\/revisions\/2856"}],"wp:attachment":[{"href":"https:\/\/spchoron.ugporaj.pl\/index.php?rest_route=%2Fwp%2Fv2%2Fmedia&parent=27"}],"curies":[{"name":"wp","href":"https:\/\/api.w.org\/{rel}","templated":true}]}}

<h1 aria-level="2"><span data-contrast="none">Grono Pedagogiczne 2025 – 2026</span></h1>
<p><span data-contrast="none"> </span><span data-ccp-props="{&quot;201341983&quot;:0,&quot;335559739&quot;:160,&quot;335559740&quot;:259}"> </span></p>
<h5 aria-level="5"><span data-contrast="none">Dyrektor szkoły – mgr Dorota Mizera – nauczyciel matematyki</span><span data-ccp-props="{&quot;134245418&quot;:true,&quot;134245529&quot;:true,&quot;201341983&quot;:0,&quot;335559738&quot;:40,&quot;335559739&quot;:0,&quot;335559740&quot;:259}"> </span></h5>
<p><span data-ccp-props="{&quot;201341983&quot;:0,&quot;335559739&quot;:160,&quot;335559740&quot;:259}"> </span></p>
<p aria-level="5"><span data-contrast="none">oddział przedszkolny</span><span data-ccp-props="{&quot;134245418&quot;:true,&quot;134245529&quot;:true,&quot;201341983&quot;:0,&quot;335559738&quot;:40,&quot;335559739&quot;:0,&quot;335559740&quot;:259}"> </span></p>
<p aria-level="5"><span data-contrast="none">mgr Katarzyna Kot – grupa 3-4 latków</span><span data-ccp-props="{&quot;134245418&quot;:true,&quot;134245529&quot;:true,&quot;201341983&quot;:0,&quot;335559738&quot;:40,&quot;335559739&quot;:0,&quot;335559740&quot;:259}"> </span></p>
<p aria-level="5"><span data-contrast="none">mgr Agata Męcik – oddział “0”</span><span data-ccp-props="{&quot;134245418&quot;:true,&quot;134245529&quot;:true,&quot;201341983&quot;:0,&quot;335559738&quot;:40,&quot;335559739&quot;:0,&quot;335559740&quot;:259}"> </span></p>
<p><span data-contrast="none"> </span><span data-ccp-props="{&quot;201341983&quot;:0,&quot;335559739&quot;:160,&quot;335559740&quot;:259}"> </span></p>
<p aria-level="5"><span data-contrast="none">klasy I – III</span><span data-ccp-props="{&quot;134245418&quot;:true,&quot;134245529&quot;:true,&quot;201341983&quot;:0,&quot;335559738&quot;:40,&quot;335559739&quot;:0,&quot;335559740&quot;:259}"> </span></p>
<p aria-level="5"><span data-contrast="none">mgr Renata Suszek- wychowawca kl. I</span></p>
<p aria-level="5"><span data-contrast="none">mgr Ilona Miśtal – wychowawca kl. II</span></p>
<p aria-level="5"><span data-contrast="none">mgr Iwona Pluta – Łyszczarz – wychowawca kl. III</span></p>
<p aria-level="5"><span data-contrast="none"> </span><span data-ccp-props="{&quot;134245418&quot;:true,&quot;134245529&quot;:true,&quot;201341983&quot;:0,&quot;335559738&quot;:40,&quot;335559739&quot;:0,&quot;335559740&quot;:259}"> </span></p>
<p aria-level="5"><span data-contrast="none">klasy IV – VIII</span><span data-ccp-props="{&quot;134245418&quot;:true,&quot;134245529&quot;:true,&quot;201341983&quot;:0,&quot;335559738&quot;:40,&quot;335559739&quot;:0,&quot;335559740&quot;:259}"> </span></p>
<p aria-level="5"><span data-contrast="none">mgr Izabela Zasik – nauczyciel języka angielskiego, wychowawca kl. IV</span></p>
<p aria-level="5"><span data-contrast="none">mgr Katarzyna Szczerba – nauczyciel matematyki, wychowawca kl. V</span></p>
<p aria-level="5"><span data-contrast="none">mgr Barbara Marchewka – nauczyciel języka polskiego, bibliotekarz, wychowawca kl. VI</span></p>
<p aria-level="5"><span data-contrast="none">mgr Justyna Zalejska – nauczyciel języka polskiego, wychowawca świetlicy, wychowawca kl. VII</span><span data-ccp-props="{&quot;134245418&quot;:true,&quot;134245529&quot;:true,&quot;201341983&quot;:0,&quot;335559738&quot;:40,&quot;335559739&quot;:0,&quot;335559740&quot;:259}"> </span></p>
<p aria-level="5"><span data-contrast="none">mgr Lidia Królak – nauczyciel historii, wos i wychowania fizycznego, bibliotekarz, wychowawca kl. VIII</span></p>
<p aria-level="5"><span data-contrast="none">mgr Beata Cichoń – nauczyciel fizyki</span><span data-ccp-props="{&quot;134245418&quot;:true,&quot;134245529&quot;:true,&quot;201341983&quot;:0,&quot;335559738&quot;:40,&quot;335559739&quot;:0,&quot;335559740&quot;:259}"> </span></p>
<p aria-level="5"><span data-contrast="none">mgr Jolanta Kocop – nauczyciel plastyki</span><span data-ccp-props="{&quot;134245418&quot;:true,&quot;134245529&quot;:true,&quot;201341983&quot;:0,&quot;335559738&quot;:40,&quot;335559739&quot;:0,&quot;335559740&quot;:259}"> </span></p>
<p><span data-contrast="none">ks. Jan Lisiecki – nauczyciel religii</span></p>
<p aria-level="5"><span data-contrast="none">mgr Danuta Mędrek – nauczyciel geografii</span><span data-ccp-props="{&quot;134245418&quot;:true,&quot;134245529&quot;:true,&quot;201341983&quot;:0,&quot;335559738&quot;:40,&quot;335559739&quot;:0,&quot;335559740&quot;:259}"> </span></p>
<p aria-level="5"><span data-contrast="none">mgr Monika Organa – nauczyciel języka niemieckiego</span><span data-ccp-props="{&quot;134245418&quot;:true,&quot;134245529&quot;:true,&quot;201341983&quot;:0,&quot;335559738&quot;:40,&quot;335559739&quot;:0,&quot;335559740&quot;:259}"> </span></p>
<p aria-level="5"><span data-contrast="none">mgr Renata Pałasińska – nauczyciel religii</span><span data-ccp-props="{&quot;134245418&quot;:true,&quot;134245529&quot;:true,&quot;201341983&quot;:0,&quot;335559738&quot;:40,&quot;335559739&quot;:0,&quot;335559740&quot;:259}"> </span></p>
<p aria-level="5"><span data-contrast="none">mgr Rafał Picz – nauczyciel wychowania fizycznego</span></p>
<p aria-level="5"><span data-contrast="none">mgr Rafał Polegaj – nauczyciel muzyki, techniki</span><span data-ccp-props="{&quot;134245418&quot;:true,&quot;134245529&quot;:true,&quot;201341983&quot;:0,&quot;335559738&quot;:40,&quot;335559739&quot;:0,&quot;335559740&quot;:259}"> </span></p>
<p aria-level="5"><span data-contrast="none">mgr Dagmara Superson-Kosztyła – nauczyciel biologii, EDB i edukacji zdrowotnej</span></p>
<p aria-level="5"><span data-contrast="none">mgr Agnieszka Ryczek – nauczyciel chemii</span><span data-ccp-props="{&quot;134245418&quot;:true,&quot;134245529&quot;:true,&quot;201341983&quot;:0,&quot;335559738&quot;:40,&quot;335559739&quot;:0,&quot;335559740&quot;:259}"> i przyrody</span></p>
<p aria-level="5"><span data-contrast="none">mgr Przemysław Hajducki – nauczyciel informatyki</span><span data-ccp-props="{&quot;134233117&quot;:false,&quot;134233118&quot;:false,&quot;134245418&quot;:true,&quot;134245529&quot;:true,&quot;201341983&quot;:0,&quot;335551550&quot;:1,&quot;335551620&quot;:1,&quot;335559685&quot;:0,&quot;335559737&quot;:0,&quot;335559738&quot;:40,&quot;335559739&quot;:0,&quot;335559740&quot;:259}"> </span></p>
<p aria-level="5"><span data-contrast="none">mgr Robert Kowalczuk – pedagog szkolny</span><span data-ccp-props="{&quot;134245418&quot;:true,&quot;134245529&quot;:true,&quot;201341983&quot;:0,&quot;335559738&quot;:40,&quot;335559739&quot;:0,&quot;335559740&quot;:259}"> </span></p>
<p aria-level="5"><span data-contrast="none">mgr Marta Magda – pedagog specjalny</span><span data-ccp-props="{&quot;134233117&quot;:false,&quot;134233118&quot;:false,&quot;134245418&quot;:true,&quot;134245529&quot;:true,&quot;201341983&quot;:0,&quot;335551550&quot;:1,&quot;335551620&quot;:1,&quot;335559685&quot;:0,&quot;335559737&quot;:0,&quot;335559738&quot;:40,&quot;335559739&quot;:0,&quot;335559740&quot;:259}"> </span></p>
<p aria-level="5"><span data-contrast="none">mgr Natalia Sroka – psycholog</span><span data-ccp-props="{&quot;134233117&quot;:false,&quot;134233118&quot;:false,&quot;134245418&quot;:true,&quot;134245529&quot;:true,&quot;201341983&quot;:0,&quot;335551550&quot;:1,&quot;335551620&quot;:1,&quot;335559685&quot;:0,&quot;335559737&quot;:0,&quot;335559738&quot;:40,&quot;335559739&quot;:0,&quot;335559740&quot;:259}"> </span></p>
<p aria-level="5"><span data-contrast="none">mgr Katarzyna Kot &#8211; doradztwo zawodowe</span></p>
<p aria-level="5">mgr Marta Pompka &#8211; nauczyciel współorganizujący kształcenie</p>

<p>Grono Pedagogiczne 2025 – 2026    Dyrektor szkoły – mgr Dorota Mizera – nauczyciel matematyki    oddział przedszkolny  mgr Katarzyna Kot – grupa 3-4 latków  mgr Agata Męcik – oddział “0”     klasy I – III  mgr Renata Suszek- wychowawca kl. I mgr Ilona Miśtal – wychowawca kl. II mgr Iwona Pluta – Łyszczarz – [&hellip;]</p>
