{"id":1285,"date":"2024-06-21T12:34:56","date_gmt":"2024-06-21T10:34:56","guid":{"rendered":"https:\/\/spchoron.ugporaj.pl\/?page_id=1285"},"modified":"2024-06-21T12:36:00","modified_gmt":"2024-06-21T10:36:00","slug":"kubusiowi-przyjaciele-natury","status":"publish","type":"page","link":"https:\/\/spchoron.ugporaj.pl\/?page_id=1285","title":{"rendered":"Kubusiowi Przyjaciele Natury"},"content":{"rendered":"\t\t<div data-elementor-type=\"wp-page\" data-elementor-id=\"1285\" class=\"elementor elementor-1285\">\n\t\t\t\t\t\t<section class=\"elementor-section elementor-top-section elementor-element elementor-element-ebafeee elementor-section-boxed elementor-section-height-default elementor-section-height-default\" data-id=\"ebafeee\" data-element_type=\"section\" data-e-type=\"section\">\n\t\t\t\t\t\t<div class=\"elementor-container elementor-column-gap-default\">\n\t\t\t\t\t<div class=\"elementor-column elementor-col-100 elementor-top-column elementor-element elementor-element-c1c3297\" data-id=\"c1c3297\" data-element_type=\"column\" data-e-type=\"column\">\n\t\t\t<div class=\"elementor-widget-wrap elementor-element-populated\">\n\t\t\t\t\t\t<div class=\"elementor-element elementor-element-0649019 elementor-widget elementor-widget-text-editor\" data-id=\"0649019\" data-element_type=\"widget\" data-e-type=\"widget\" data-widget_type=\"text-editor.default\">\n\t\t\t\t<div class=\"elementor-widget-container\">\n\t\t\t\t\t\t\t\t\t<h5><strong>O programie<\/strong><\/h5><p>\u201eKubusiowi Przyjaciele Natury\u201d to jeden z najwi\u0119kszych og\u00f3lnopolskich program\u00f3w edukacyjnych\u00a0<strong>dla przedszkoli oraz od 2019 roku r\u00f3wnie\u017c dla szk\u00f3\u0142 podstawowych (klasy I-III)<\/strong>\u00a0po\u015bwi\u0119cony tematyce ekologicznej, organizowany przez mark\u0119 Kubu\u015b.<\/p><p>Jego celem jest proekologiczna edukacja dzieci i zach\u0119cenie je do ruchu ju\u017c od najm\u0142odszych lat. Akcja obj\u0119\u0142a swoim zasi\u0119giem ju\u017c ponad 10 milion\u00f3w dzieci. W tym roku po raz 16. dzieci z przedszkoli i szk\u00f3\u0142 podstawowych w ca\u0142ym kraju wezm\u0105 udzia\u0142 w zaj\u0119ciach tematycznych, podczas kt\u00f3rych naucz\u0105 si\u0119 troszczy\u0107 o \u015brodowisko naturalne, poznaj\u0105 podstawowe zasady ekologii i dowiedz\u0105, dlaczego warto je\u015b\u0107 owoce i warzywa oraz poznaj\u0105 korzy\u015bci p\u0142yn\u0105ce z ruchu.<\/p><p>Wi\u0119cej na temat programu mo\u017cna dowiedzie\u0107 si\u0119 na stronie <a href=\"https:\/\/przyjacielenatury.pl\/\">https:\/\/przyjacielenatury.pl\/<\/a><\/p>\t\t\t\t\t\t\t\t<\/div>\n\t\t\t\t<\/div>\n\t\t\t\t\t<\/div>\n\t\t<\/div>\n\t\t\t\t\t<\/div>\n\t\t<\/section>\n\t\t\t\t<section class=\"elementor-section elementor-top-section elementor-element elementor-element-67e5f1f elementor-section-boxed elementor-section-height-default elementor-section-height-default\" data-id=\"67e5f1f\" data-element_type=\"section\" data-e-type=\"section\">\n\t\t\t\t\t\t<div class=\"elementor-container elementor-column-gap-default\">\n\t\t\t\t\t<div class=\"elementor-column elementor-col-100 elementor-top-column elementor-element elementor-element-8548c92\" data-id=\"8548c92\" data-element_type=\"column\" data-e-type=\"column\">\n\t\t\t<div class=\"elementor-widget-wrap elementor-element-populated\">\n\t\t\t\t\t\t<div class=\"elementor-element elementor-element-a5471d7 elementor-widget elementor-widget-image\" data-id=\"a5471d7\" data-element_type=\"widget\" data-e-type=\"widget\" data-widget_type=\"image.default\">\n\t\t\t\t<div class=\"elementor-widget-container\">\n\t\t\t\t\t\t\t\t\t\t\t\t\t\t\t\t<a href=\"http:\/\/spchoron.ugporaj.pl\/wp-content\/uploads\/2024\/06\/certyfikat-kubus.png\" data-elementor-open-lightbox=\"yes\" data-elementor-lightbox-title=\"certyfikat kubus\" data-e-action-hash=\"#elementor-action%3Aaction%3Dlightbox%26settings%3DeyJpZCI6MTI1OCwidXJsIjoiaHR0cHM6XC9cL3NwY2hvcm9uLnVncG9yYWoucGxcL3dwLWNvbnRlbnRcL3VwbG9hZHNcLzIwMjRcLzA2XC9jZXJ0eWZpa2F0LWt1YnVzLnBuZyJ9\">\n\t\t\t\t\t\t\t<img fetchpriority=\"high\" decoding=\"async\" width=\"212\" height=\"300\" src=\"https:\/\/spchoron.ugporaj.pl\/wp-content\/uploads\/2024\/06\/certyfikat-kubus-212x300.png\" class=\"attachment-medium size-medium wp-image-1258\" alt=\"\" srcset=\"https:\/\/spchoron.ugporaj.pl\/wp-content\/uploads\/2024\/06\/certyfikat-kubus-212x300.png 212w, https:\/\/spchoron.ugporaj.pl\/wp-content\/uploads\/2024\/06\/certyfikat-kubus.png 541w\" sizes=\"(max-width: 212px) 100vw, 212px\" \/>\t\t\t\t\t\t\t\t<\/a>\n\t\t\t\t\t\t\t\t\t\t\t\t\t\t\t<\/div>\n\t\t\t\t<\/div>\n\t\t\t\t\t<\/div>\n\t\t<\/div>\n\t\t\t\t\t<\/div>\n\t\t<\/section>\n\t\t\t\t<\/div>\n\t\t","protected":false},"excerpt":{"rendered":"<p>O programie \u201eKubusiowi Przyjaciele Natury\u201d to jeden z najwi\u0119kszych og\u00f3lnopolskich program\u00f3w edukacyjnych\u00a0dla przedszkoli oraz od 2019 roku r\u00f3wnie\u017c dla szk\u00f3\u0142 podstawowych (klasy I-III)\u00a0po\u015bwi\u0119cony tematyce ekologicznej, organizowany przez mark\u0119 Kubu\u015b. Jego celem jest proekologiczna edukacja dzieci i zach\u0119cenie je do ruchu ju\u017c od najm\u0142odszych lat. Akcja obj\u0119\u0142a swoim zasi\u0119giem ju\u017c ponad 10 milion\u00f3w dzieci. W tym [&hellip;]<\/p>\n","protected":false},"author":3,"featured_media":0,"parent":0,"menu_order":0,"comment_status":"closed","ping_status":"closed","template":"","meta":{"footnotes":""},"class_list":["post-1285","page","type-page","status-publish","hentry"],"_links":{"self":[{"href":"https:\/\/spchoron.ugporaj.pl\/index.php?rest_route=\/wp\/v2\/pages\/1285","targetHints":{"allow":["GET"]}}],"collection":[{"href":"https:\/\/spchoron.ugporaj.pl\/index.php?rest_route=\/wp\/v2\/pages"}],"about":[{"href":"https:\/\/spchoron.ugporaj.pl\/index.php?rest_route=\/wp\/v2\/types\/page"}],"author":[{"embeddable":true,"href":"https:\/\/spchoron.ugporaj.pl\/index.php?rest_route=\/wp\/v2\/users\/3"}],"replies":[{"embeddable":true,"href":"https:\/\/spchoron.ugporaj.pl\/index.php?rest_route=%2Fwp%2Fv2%2Fcomments&post=1285"}],"version-history":[{"count":6,"href":"https:\/\/spchoron.ugporaj.pl\/index.php?rest_route=\/wp\/v2\/pages\/1285\/revisions"}],"predecessor-version":[{"id":1291,"href":"https:\/\/spchoron.ugporaj.pl\/index.php?rest_route=\/wp\/v2\/pages\/1285\/revisions\/1291"}],"wp:attachment":[{"href":"https:\/\/spchoron.ugporaj.pl\/index.php?rest_route=%2Fwp%2Fv2%2Fmedia&parent=1285"}],"curies":[{"name":"wp","href":"https:\/\/api.w.org\/{rel}","templated":true}]}}

<div data-elementor-type="wp-page" data-elementor-id="1285" class="elementor elementor-1285">
						<section class="elementor-section elementor-top-section elementor-element elementor-element-ebafeee elementor-section-boxed elementor-section-height-default elementor-section-height-default" data-id="ebafeee" data-element_type="section" data-e-type="section">
						<div class="elementor-container elementor-column-gap-default">
					<div class="elementor-column elementor-col-100 elementor-top-column elementor-element elementor-element-c1c3297" data-id="c1c3297" data-element_type="column" data-e-type="column">
			<div class="elementor-widget-wrap elementor-element-populated">
						<div class="elementor-element elementor-element-0649019 elementor-widget elementor-widget-text-editor" data-id="0649019" data-element_type="widget" data-e-type="widget" data-widget_type="text-editor.default">
				<div class="elementor-widget-container">
									<h5><strong>O programie</strong></h5><p>„Kubusiowi Przyjaciele Natury” to jeden z największych ogólnopolskich programów edukacyjnych <strong>dla przedszkoli oraz od 2019 roku również dla szkół podstawowych (klasy I-III)</strong> poświęcony tematyce ekologicznej, organizowany przez markę Kubuś.</p><p>Jego celem jest proekologiczna edukacja dzieci i zachęcenie je do ruchu już od najmłodszych lat. Akcja objęła swoim zasięgiem już ponad 10 milionów dzieci. W tym roku po raz 16. dzieci z przedszkoli i szkół podstawowych w całym kraju wezmą udział w zajęciach tematycznych, podczas których nauczą się troszczyć o środowisko naturalne, poznają podstawowe zasady ekologii i dowiedzą, dlaczego warto jeść owoce i warzywa oraz poznają korzyści płynące z ruchu.</p><p>Więcej na temat programu można dowiedzieć się na stronie <a href="https://przyjacielenatury.pl/">https://przyjacielenatury.pl/</a></p>								</div>
				</div>
					</div>
		</div>
					</div>
		</section>
				<section class="elementor-section elementor-top-section elementor-element elementor-element-67e5f1f elementor-section-boxed elementor-section-height-default elementor-section-height-default" data-id="67e5f1f" data-element_type="section" data-e-type="section">
						<div class="elementor-container elementor-column-gap-default">
					<div class="elementor-column elementor-col-100 elementor-top-column elementor-element elementor-element-8548c92" data-id="8548c92" data-element_type="column" data-e-type="column">
			<div class="elementor-widget-wrap elementor-element-populated">
						<div class="elementor-element elementor-element-a5471d7 elementor-widget elementor-widget-image" data-id="a5471d7" data-element_type="widget" data-e-type="widget" data-widget_type="image.default">
				<div class="elementor-widget-container">
																<a href="http://spchoron.ugporaj.pl/wp-content/uploads/2024/06/certyfikat-kubus.png" data-elementor-open-lightbox="yes" data-elementor-lightbox-title="certyfikat kubus" data-e-action-hash="#elementor-action%3Aaction%3Dlightbox%26settings%3DeyJpZCI6MTI1OCwidXJsIjoiaHR0cHM6XC9cL3NwY2hvcm9uLnVncG9yYWoucGxcL3dwLWNvbnRlbnRcL3VwbG9hZHNcLzIwMjRcLzA2XC9jZXJ0eWZpa2F0LWt1YnVzLnBuZyJ9">
							<img fetchpriority="high" decoding="async" width="212" height="300" src="https://spchoron.ugporaj.pl/wp-content/uploads/2024/06/certyfikat-kubus-212x300.png" class="attachment-medium size-medium wp-image-1258" alt="" srcset="https://spchoron.ugporaj.pl/wp-content/uploads/2024/06/certyfikat-kubus-212x300.png 212w, https://spchoron.ugporaj.pl/wp-content/uploads/2024/06/certyfikat-kubus.png 541w" sizes="(max-width: 212px) 100vw, 212px" />								</a>
															</div>
				</div>
					</div>
		</div>
					</div>
		</section>
				</div>

<p>O programie „Kubusiowi Przyjaciele Natury” to jeden z największych ogólnopolskich programów edukacyjnych dla przedszkoli oraz od 2019 roku również dla szkół podstawowych (klasy I-III) poświęcony tematyce ekologicznej, organizowany przez markę Kubuś. Jego celem jest proekologiczna edukacja dzieci i zachęcenie je do ruchu już od najmłodszych lat. Akcja objęła swoim zasięgiem już ponad 10 milionów dzieci. W tym [&hellip;]</p>
