{"id":1280,"date":"2024-06-21T12:23:40","date_gmt":"2024-06-21T10:23:40","guid":{"rendered":"https:\/\/spchoron.ugporaj.pl\/?page_id=1280"},"modified":"2024-06-21T12:29:02","modified_gmt":"2024-06-21T10:29:02","slug":"czytam-z-klasa-lekturki-spod-chmurki","status":"publish","type":"page","link":"https:\/\/spchoron.ugporaj.pl\/?page_id=1280","title":{"rendered":"Czytam z klas\u0105 lekturki spod chmurki"},"content":{"rendered":"\t\t<div data-elementor-type=\"wp-page\" data-elementor-id=\"1280\" class=\"elementor elementor-1280\">\n\t\t\t\t\t\t<section class=\"elementor-section elementor-top-section elementor-element elementor-element-757ab63 elementor-section-boxed elementor-section-height-default elementor-section-height-default\" data-id=\"757ab63\" data-element_type=\"section\" data-e-type=\"section\">\n\t\t\t\t\t\t<div class=\"elementor-container elementor-column-gap-default\">\n\t\t\t\t\t<div class=\"elementor-column elementor-col-100 elementor-top-column elementor-element elementor-element-1abd22a\" data-id=\"1abd22a\" data-element_type=\"column\" data-e-type=\"column\">\n\t\t\t<div class=\"elementor-widget-wrap elementor-element-populated\">\n\t\t\t\t\t\t<div class=\"elementor-element elementor-element-97e7f43 elementor-widget elementor-widget-text-editor\" data-id=\"97e7f43\" data-element_type=\"widget\" data-e-type=\"widget\" data-widget_type=\"text-editor.default\">\n\t\t\t\t<div class=\"elementor-widget-container\">\n\t\t\t\t\t\t\t\t\t<p>W roku szkolnym 2023\/2024 uczniowie klasy III realizowali zadania V mi\u0119dzynarodowego projektu czytelniczego \u201eCzytam z klas\u0105 lekturki spod chmurki\u201d. W ramach projektu regularnie uczestniczyli w spotkaniach czytelniczych, rozmawiali o przeczytanych ksi\u0105\u017ckach oraz tworzyli lapbooki i prace plastyczne zwi\u0105zane z literatur\u0105. Ich aktywno\u015b\u0107 by\u0142a na tyle imponuj\u0105ca, \u017ce zdo\u0142ali spe\u0142ni\u0107 wszystkie wymagania projektu i zostali uhonorowani certyfikatem, kt\u00f3ry jest dowodem ich zaanga\u017cowania i pasji do czytania.<\/p><p>Wi\u0119cej na temat programu mo\u017cna dowiedzie\u0107 si\u0119 na stronie <a href=\"https:\/\/www.niezbedniknauczyciela.com\/czytam-z-klas%C4%85-edycja-v\">https:\/\/www.niezbedniknauczyciela.com\/czytam-z-klas%C4%85-edycja-v<\/a><\/p>\t\t\t\t\t\t\t\t<\/div>\n\t\t\t\t<\/div>\n\t\t\t\t\t<\/div>\n\t\t<\/div>\n\t\t\t\t\t<\/div>\n\t\t<\/section>\n\t\t\t\t<section class=\"elementor-section elementor-top-section elementor-element elementor-element-392398e elementor-section-boxed elementor-section-height-default elementor-section-height-default\" data-id=\"392398e\" data-element_type=\"section\" data-e-type=\"section\">\n\t\t\t\t\t\t<div class=\"elementor-container elementor-column-gap-default\">\n\t\t\t\t\t<div class=\"elementor-column elementor-col-100 elementor-top-column elementor-element elementor-element-8728f8c\" data-id=\"8728f8c\" data-element_type=\"column\" data-e-type=\"column\">\n\t\t\t<div class=\"elementor-widget-wrap elementor-element-populated\">\n\t\t\t\t\t\t<div class=\"elementor-element elementor-element-f407995 elementor-widget elementor-widget-image\" data-id=\"f407995\" data-element_type=\"widget\" data-e-type=\"widget\" data-widget_type=\"image.default\">\n\t\t\t\t<div class=\"elementor-widget-container\">\n\t\t\t\t\t\t\t\t\t\t\t\t\t\t\t\t<a href=\"http:\/\/spchoron.ugporaj.pl\/wp-content\/uploads\/2024\/06\/certyfikat-czytamy-z-kl.png\" data-elementor-open-lightbox=\"yes\" data-elementor-lightbox-title=\"certyfikat czytamy z kl\" data-e-action-hash=\"#elementor-action%3Aaction%3Dlightbox%26settings%3DeyJpZCI6MTI1NywidXJsIjoiaHR0cHM6XC9cL3NwY2hvcm9uLnVncG9yYWoucGxcL3dwLWNvbnRlbnRcL3VwbG9hZHNcLzIwMjRcLzA2XC9jZXJ0eWZpa2F0LWN6eXRhbXktei1rbC5wbmcifQ%3D%3D\">\n\t\t\t\t\t\t\t<img fetchpriority=\"high\" decoding=\"async\" width=\"212\" height=\"300\" src=\"https:\/\/spchoron.ugporaj.pl\/wp-content\/uploads\/2024\/06\/certyfikat-czytamy-z-kl-212x300.png\" class=\"attachment-medium size-medium wp-image-1257\" alt=\"\" srcset=\"https:\/\/spchoron.ugporaj.pl\/wp-content\/uploads\/2024\/06\/certyfikat-czytamy-z-kl-212x300.png 212w, https:\/\/spchoron.ugporaj.pl\/wp-content\/uploads\/2024\/06\/certyfikat-czytamy-z-kl.png 542w\" sizes=\"(max-width: 212px) 100vw, 212px\" \/>\t\t\t\t\t\t\t\t<\/a>\n\t\t\t\t\t\t\t\t\t\t\t\t\t\t\t<\/div>\n\t\t\t\t<\/div>\n\t\t\t\t\t<\/div>\n\t\t<\/div>\n\t\t\t\t\t<\/div>\n\t\t<\/section>\n\t\t\t\t<\/div>\n\t\t","protected":false},"excerpt":{"rendered":"<p>W roku szkolnym 2023\/2024 uczniowie klasy III realizowali zadania V mi\u0119dzynarodowego projektu czytelniczego \u201eCzytam z klas\u0105 lekturki spod chmurki\u201d. W ramach projektu regularnie uczestniczyli w spotkaniach czytelniczych, rozmawiali o przeczytanych ksi\u0105\u017ckach oraz tworzyli lapbooki i prace plastyczne zwi\u0105zane z literatur\u0105. Ich aktywno\u015b\u0107 by\u0142a na tyle imponuj\u0105ca, \u017ce zdo\u0142ali spe\u0142ni\u0107 wszystkie wymagania projektu i zostali uhonorowani [&hellip;]<\/p>\n","protected":false},"author":3,"featured_media":0,"parent":0,"menu_order":0,"comment_status":"closed","ping_status":"closed","template":"","meta":{"footnotes":""},"class_list":["post-1280","page","type-page","status-publish","hentry"],"_links":{"self":[{"href":"https:\/\/spchoron.ugporaj.pl\/index.php?rest_route=\/wp\/v2\/pages\/1280","targetHints":{"allow":["GET"]}}],"collection":[{"href":"https:\/\/spchoron.ugporaj.pl\/index.php?rest_route=\/wp\/v2\/pages"}],"about":[{"href":"https:\/\/spchoron.ugporaj.pl\/index.php?rest_route=\/wp\/v2\/types\/page"}],"author":[{"embeddable":true,"href":"https:\/\/spchoron.ugporaj.pl\/index.php?rest_route=\/wp\/v2\/users\/3"}],"replies":[{"embeddable":true,"href":"https:\/\/spchoron.ugporaj.pl\/index.php?rest_route=%2Fwp%2Fv2%2Fcomments&post=1280"}],"version-history":[{"count":3,"href":"https:\/\/spchoron.ugporaj.pl\/index.php?rest_route=\/wp\/v2\/pages\/1280\/revisions"}],"predecessor-version":[{"id":1283,"href":"https:\/\/spchoron.ugporaj.pl\/index.php?rest_route=\/wp\/v2\/pages\/1280\/revisions\/1283"}],"wp:attachment":[{"href":"https:\/\/spchoron.ugporaj.pl\/index.php?rest_route=%2Fwp%2Fv2%2Fmedia&parent=1280"}],"curies":[{"name":"wp","href":"https:\/\/api.w.org\/{rel}","templated":true}]}}

Czytam z klasą lekturki spod chmurki

<div data-elementor-type="wp-page" data-elementor-id="1280" class="elementor elementor-1280">
						<section class="elementor-section elementor-top-section elementor-element elementor-element-757ab63 elementor-section-boxed elementor-section-height-default elementor-section-height-default" data-id="757ab63" data-element_type="section" data-e-type="section">
						<div class="elementor-container elementor-column-gap-default">
					<div class="elementor-column elementor-col-100 elementor-top-column elementor-element elementor-element-1abd22a" data-id="1abd22a" data-element_type="column" data-e-type="column">
			<div class="elementor-widget-wrap elementor-element-populated">
						<div class="elementor-element elementor-element-97e7f43 elementor-widget elementor-widget-text-editor" data-id="97e7f43" data-element_type="widget" data-e-type="widget" data-widget_type="text-editor.default">
				<div class="elementor-widget-container">
									<p>W roku szkolnym 2023/2024 uczniowie klasy III realizowali zadania V międzynarodowego projektu czytelniczego „Czytam z klasą lekturki spod chmurki”. W ramach projektu regularnie uczestniczyli w spotkaniach czytelniczych, rozmawiali o przeczytanych książkach oraz tworzyli lapbooki i prace plastyczne związane z literaturą. Ich aktywność była na tyle imponująca, że zdołali spełnić wszystkie wymagania projektu i zostali uhonorowani certyfikatem, który jest dowodem ich zaangażowania i pasji do czytania.</p><p>Więcej na temat programu można dowiedzieć się na stronie <a href="https://www.niezbedniknauczyciela.com/czytam-z-klas%C4%85-edycja-v">https://www.niezbedniknauczyciela.com/czytam-z-klas%C4%85-edycja-v</a></p>								</div>
				</div>
					</div>
		</div>
					</div>
		</section>
				<section class="elementor-section elementor-top-section elementor-element elementor-element-392398e elementor-section-boxed elementor-section-height-default elementor-section-height-default" data-id="392398e" data-element_type="section" data-e-type="section">
						<div class="elementor-container elementor-column-gap-default">
					<div class="elementor-column elementor-col-100 elementor-top-column elementor-element elementor-element-8728f8c" data-id="8728f8c" data-element_type="column" data-e-type="column">
			<div class="elementor-widget-wrap elementor-element-populated">
						<div class="elementor-element elementor-element-f407995 elementor-widget elementor-widget-image" data-id="f407995" data-element_type="widget" data-e-type="widget" data-widget_type="image.default">
				<div class="elementor-widget-container">
																<a href="http://spchoron.ugporaj.pl/wp-content/uploads/2024/06/certyfikat-czytamy-z-kl.png" data-elementor-open-lightbox="yes" data-elementor-lightbox-title="certyfikat czytamy z kl" data-e-action-hash="#elementor-action%3Aaction%3Dlightbox%26settings%3DeyJpZCI6MTI1NywidXJsIjoiaHR0cHM6XC9cL3NwY2hvcm9uLnVncG9yYWoucGxcL3dwLWNvbnRlbnRcL3VwbG9hZHNcLzIwMjRcLzA2XC9jZXJ0eWZpa2F0LWN6eXRhbXktei1rbC5wbmcifQ%3D%3D">
							<img fetchpriority="high" decoding="async" width="212" height="300" src="https://spchoron.ugporaj.pl/wp-content/uploads/2024/06/certyfikat-czytamy-z-kl-212x300.png" class="attachment-medium size-medium wp-image-1257" alt="" srcset="https://spchoron.ugporaj.pl/wp-content/uploads/2024/06/certyfikat-czytamy-z-kl-212x300.png 212w, https://spchoron.ugporaj.pl/wp-content/uploads/2024/06/certyfikat-czytamy-z-kl.png 542w" sizes="(max-width: 212px) 100vw, 212px" />								</a>
															</div>
				</div>
					</div>
		</div>
					</div>
		</section>
				</div>

<p>W roku szkolnym 2023/2024 uczniowie klasy III realizowali zadania V międzynarodowego projektu czytelniczego „Czytam z klasą lekturki spod chmurki”. W ramach projektu regularnie uczestniczyli w spotkaniach czytelniczych, rozmawiali o przeczytanych książkach oraz tworzyli lapbooki i prace plastyczne związane z literaturą. Ich aktywność była na tyle imponująca, że zdołali spełnić wszystkie wymagania projektu i zostali uhonorowani [&hellip;]</p>
