{"id":1251,"date":"2024-06-20T13:22:20","date_gmt":"2024-06-20T11:22:20","guid":{"rendered":"https:\/\/spchoron.ugporaj.pl\/?page_id=1251"},"modified":"2024-06-20T13:24:33","modified_gmt":"2024-06-20T11:24:33","slug":"akademia-bezpiecznego-puchatka","status":"publish","type":"page","link":"https:\/\/spchoron.ugporaj.pl\/?page_id=1251","title":{"rendered":"Akademia Bezpiecznego Puchatka"},"content":{"rendered":"\t\t<div data-elementor-type=\"wp-page\" data-elementor-id=\"1251\" class=\"elementor elementor-1251\">\n\t\t\t\t\t\t<section class=\"elementor-section elementor-top-section elementor-element elementor-element-698f91c elementor-section-boxed elementor-section-height-default elementor-section-height-default\" data-id=\"698f91c\" data-element_type=\"section\" data-e-type=\"section\">\n\t\t\t\t\t\t<div class=\"elementor-container elementor-column-gap-default\">\n\t\t\t\t\t<div class=\"elementor-column elementor-col-100 elementor-top-column elementor-element elementor-element-c95b622\" data-id=\"c95b622\" data-element_type=\"column\" data-e-type=\"column\">\n\t\t\t<div class=\"elementor-widget-wrap elementor-element-populated\">\n\t\t\t\t\t\t<div class=\"elementor-element elementor-element-562af2b elementor-widget elementor-widget-text-editor\" data-id=\"562af2b\" data-element_type=\"widget\" data-e-type=\"widget\" data-widget_type=\"text-editor.default\">\n\t\t\t\t<div class=\"elementor-widget-container\">\n\t\t\t\t\t\t\t\t\t<h6><strong>O programie<\/strong><\/h6><p><strong>Akademia Bezpiecznego Puchatka<\/strong>\u00a0to og\u00f3lnopolski program edukacyjny skierowany do\u00a0uczni\u00f3w klas I\u00a0szk\u00f3\u0142 podstawowych, obejmuj\u0105cy tematyk\u0119 zwi\u0105zan\u0105 z\u00a0bezpiecze\u0144stwem dzieci w\u00a0czterech sferach: na\u00a0drodze, w\u00a0domu, w\u00a0szkole oraz w\u00a0Internecie. W\u00a0Programie ka\u017cdego roku uczestniczy\u00a0<strong>ponad\u00a0<span class=\"white-space-nowrap\">200 000\u00a0dzieci<\/span><\/strong>\u00a0i\u00a0niemal\u00a0<strong><span class=\"white-space-nowrap\">13\u00a0000<\/span>\u00a0nauczycieli<\/strong>\u00a0z\u00a0prawie\u00a0<span class=\"white-space-nowrap\">10\u00a0000<\/span>\u00a0szk\u00f3\u0142 podstawowych. Do\u00a0tej pory \u0142\u0105cznie wzi\u0119\u0142o w\u00a0nim udzia\u0142 ponad\u00a0<strong><span class=\"white-space-nowrap\">3 miliony<\/span>\u00a0uczni\u00f3w.<\/strong><\/p><p>Wi\u0119cej na temat programu mo\u017cna dowiedzie\u0107 si\u0119 na stronie <a href=\"https:\/\/akademiapuchatka.pl\/\">https:\/\/akademiapuchatka.pl\/<\/a><\/p>\t\t\t\t\t\t\t\t<\/div>\n\t\t\t\t<\/div>\n\t\t\t\t\t<\/div>\n\t\t<\/div>\n\t\t\t\t\t<\/div>\n\t\t<\/section>\n\t\t\t\t<section class=\"elementor-section elementor-top-section elementor-element elementor-element-975cb40 elementor-section-boxed elementor-section-height-default elementor-section-height-default\" data-id=\"975cb40\" data-element_type=\"section\" data-e-type=\"section\">\n\t\t\t\t\t\t<div class=\"elementor-container elementor-column-gap-default\">\n\t\t\t\t\t<div class=\"elementor-column elementor-col-100 elementor-top-column elementor-element elementor-element-383166d\" data-id=\"383166d\" data-element_type=\"column\" data-e-type=\"column\">\n\t\t\t<div class=\"elementor-widget-wrap elementor-element-populated\">\n\t\t\t\t\t\t<div class=\"elementor-element elementor-element-01c8996 elementor-widget elementor-widget-image\" data-id=\"01c8996\" data-element_type=\"widget\" data-e-type=\"widget\" data-widget_type=\"image.default\">\n\t\t\t\t<div class=\"elementor-widget-container\">\n\t\t\t\t\t\t\t\t\t\t\t\t\t\t\t\t<a href=\"http:\/\/spchoron.ugporaj.pl\/wp-content\/uploads\/2024\/06\/certyfikat-abp.png\" data-elementor-open-lightbox=\"yes\" data-elementor-lightbox-title=\"certyfikat-abp\" data-e-action-hash=\"#elementor-action%3Aaction%3Dlightbox%26settings%3DeyJpZCI6MTI0MywidXJsIjoiaHR0cHM6XC9cL3NwY2hvcm9uLnVncG9yYWoucGxcL3dwLWNvbnRlbnRcL3VwbG9hZHNcLzIwMjRcLzA2XC9jZXJ0eWZpa2F0LWFicC5wbmcifQ%3D%3D\">\n\t\t\t\t\t\t\t<img fetchpriority=\"high\" decoding=\"async\" width=\"212\" height=\"300\" src=\"https:\/\/spchoron.ugporaj.pl\/wp-content\/uploads\/2024\/06\/certyfikat-abp-212x300.png\" class=\"attachment-medium size-medium wp-image-1243\" alt=\"\" srcset=\"https:\/\/spchoron.ugporaj.pl\/wp-content\/uploads\/2024\/06\/certyfikat-abp-212x300.png 212w, https:\/\/spchoron.ugporaj.pl\/wp-content\/uploads\/2024\/06\/certyfikat-abp.png 492w\" sizes=\"(max-width: 212px) 100vw, 212px\" \/>\t\t\t\t\t\t\t\t<\/a>\n\t\t\t\t\t\t\t\t\t\t\t\t\t\t\t<\/div>\n\t\t\t\t<\/div>\n\t\t\t\t\t<\/div>\n\t\t<\/div>\n\t\t\t\t\t<\/div>\n\t\t<\/section>\n\t\t\t\t<\/div>\n\t\t","protected":false},"excerpt":{"rendered":"<p>O programie Akademia Bezpiecznego Puchatka\u00a0to og\u00f3lnopolski program edukacyjny skierowany do\u00a0uczni\u00f3w klas I\u00a0szk\u00f3\u0142 podstawowych, obejmuj\u0105cy tematyk\u0119 zwi\u0105zan\u0105 z\u00a0bezpiecze\u0144stwem dzieci w\u00a0czterech sferach: na\u00a0drodze, w\u00a0domu, w\u00a0szkole oraz w\u00a0Internecie. W\u00a0Programie ka\u017cdego roku uczestniczy\u00a0ponad\u00a0200 000\u00a0dzieci\u00a0i\u00a0niemal\u00a013\u00a0000\u00a0nauczycieli\u00a0z\u00a0prawie\u00a010\u00a0000\u00a0szk\u00f3\u0142 podstawowych. Do\u00a0tej pory \u0142\u0105cznie wzi\u0119\u0142o w\u00a0nim udzia\u0142 ponad\u00a03 miliony\u00a0uczni\u00f3w. Wi\u0119cej na temat programu mo\u017cna dowiedzie\u0107 si\u0119 na stronie https:\/\/akademiapuchatka.pl\/<\/p>\n","protected":false},"author":3,"featured_media":0,"parent":0,"menu_order":0,"comment_status":"closed","ping_status":"closed","template":"","meta":{"footnotes":""},"class_list":["post-1251","page","type-page","status-publish","hentry"],"_links":{"self":[{"href":"https:\/\/spchoron.ugporaj.pl\/index.php?rest_route=\/wp\/v2\/pages\/1251","targetHints":{"allow":["GET"]}}],"collection":[{"href":"https:\/\/spchoron.ugporaj.pl\/index.php?rest_route=\/wp\/v2\/pages"}],"about":[{"href":"https:\/\/spchoron.ugporaj.pl\/index.php?rest_route=\/wp\/v2\/types\/page"}],"author":[{"embeddable":true,"href":"https:\/\/spchoron.ugporaj.pl\/index.php?rest_route=\/wp\/v2\/users\/3"}],"replies":[{"embeddable":true,"href":"https:\/\/spchoron.ugporaj.pl\/index.php?rest_route=%2Fwp%2Fv2%2Fcomments&post=1251"}],"version-history":[{"count":3,"href":"https:\/\/spchoron.ugporaj.pl\/index.php?rest_route=\/wp\/v2\/pages\/1251\/revisions"}],"predecessor-version":[{"id":1254,"href":"https:\/\/spchoron.ugporaj.pl\/index.php?rest_route=\/wp\/v2\/pages\/1251\/revisions\/1254"}],"wp:attachment":[{"href":"https:\/\/spchoron.ugporaj.pl\/index.php?rest_route=%2Fwp%2Fv2%2Fmedia&parent=1251"}],"curies":[{"name":"wp","href":"https:\/\/api.w.org\/{rel}","templated":true}]}}